the prime factors of f?
2, 7
Let z(q) = 2*q**3 - 13*q**2 + 9*q + 6. Let b be z(7). Suppose l - 2*o + b = 0, -4*l - o = -2*o + 465. Let n = -70 - l. List the prime factors of n.
2, 23
Suppose 14*y - 96 + 26 = 0. Suppose -y*n - 3*a + 13537 = 4339, -4*n = -5*a - 7388. What are the prime factors of n?
2, 3, 307
Let m(r) = -167*r**3 - 4*r**2 - 3*r + 4. Let x be m(-2). Let z = x + -638. List the prime factors of z.
2, 173
Let w(i) = -7*i - 13 + 72*i + 86*i - 20. List the prime factors of w(5).
2, 19
Let s = 573 - -6357. List the prime factors of s.
2, 3, 5, 7, 11
Let v(k) = 26*k**2 - 160*k - 165. What are the prime factors of v(-15)?
3, 5, 7, 11
Suppose -4*h - 25 = -o - 42, -2*h - 5*o = 19. Suppose 2*f + 8 = 0, 2*n - 2*f + 425 = h*n. What are the prime factors of n?
433
Suppose 18*o = 13*o - a + 24489, 0 = -o + a + 4905. What are the prime factors of o?
3, 23, 71
Let l(k) = -6*k**2 + 4 + 8*k + 0*k**2 + 12 - 7 - k**3. Let j be l(-7). Suppose 71 = j*o + 3*t, -33 = -o - 6*t + 2*t. List the prime factors of o.
37
Let z = -26 + 20. Let i be -4 + -3 + 2 + (-4 - z). List the prime factors of (1/(-2))/((i + 4)/(-98)).
7
Let q(y) = 19485*y**2 - 6*y + 22. What are the prime factors of q(1)?
19501
What are the prime factors of -3 + 616825/(-1 + 26)?
2, 5, 2467
Let l be 5/(7 - 2)*(1 - 13). What are the prime factors of (-1)/(3/l) - (-88 - 3)?
5, 19
Let d(i) be the first derivative of -17*i**2 + 209*i + 40. What are the prime factors of d(-12)?
617
Let c(o) = 2*o**2 + 55*o + 811. List the prime factors of c(52).
7, 1297
Let r(a) = a**3 + 24*a**2 - 22*a - 25. Let q be r(11). Suppose -2*y + 34*y - q = 0. What are the prime factors of y?
2, 31
Let q be 2/(-6) - (-251)/(-3). Let i be 62/465 - (-4166)/30. Let f = q + i. List the prime factors of f.
5, 11
Let r(a) = 13*a**2 - 192*a + 22. List the prime factors of r(53).
41, 643
Suppose 0 = b - 5*b + 116. Suppose -b + 47 = r. Suppose r*n = 16*n + 56. List the prime factors of n.
2, 7
Let f(l) = -l**3 - 2*l + 3723. Let i be f(0). Suppose 5*o - 2*r = o + 2976, 4*r + i = 5*o. What are the prime factors of o?
743
Let l(o) = 141*o**2 - 54*o + 173. List the prime factors of l(3).
2, 5
Let m = -41 - -49. Suppose -m*n - 154 = -3*n + 2*x, 5*x = -10. Let c = n + 52. List the prime factors of c.
2, 11
Suppose -4*j = -6*j - 6. Let f(t) = 100*t**2 - 8*t - 4. Let s be f(j). What are the prime factors of -1 + s/6 + (-2)/(-3)?
3, 17
Let t(n) = 3*n**2 - 3*n - 3. Let y be t(-4). Suppose -y + 33 = 6*m. Let w(j) = -61*j + 2. What are the prime factors of w(m)?
2, 3, 41
Suppose -6*g = -g - s - 157172, 2*s = -6*g + 188600. What are the prime factors of g?
2, 3, 13, 31
List the prime factors of (-7 - -1)*(-166 + 165) - -12687.
3, 4231
Suppose -f = -2*r, 33*f - 28*f - 22 = -r. Suppose f*n = u + 4*u - 524, 0 = -5*u - 2*n + 548. List the prime factors of u.
2, 3
Suppose -3*q = -4*f + 273155, 5*f - 129*q = -127*q + 341428. List the prime factors of f.
2, 34141
Suppose 0 = 5*r + 2*r - 15183. List the prime factors of (-34)/187 - r/(-11).
197
Suppose -397 - 407 = 6*j. Let k = 7 - j. List the prime factors of k.
3, 47
Let j(y) = 3*y + 22. Let d be j(-8). Let u be 137 - 4*(3 + d). Suppose -127 = -4*a + u. List the prime factors of a.
5, 13
Let s(u) = 3*u**2 + 26*u - 5. Let y be s(-10). Suppose -36*d + 331 = -y*d. List the prime factors of d.
331
Let c(d) = -d - 2. Let b(u) = -39*u - 17. Let m(a) = 2*b(a) - 10*c(a). What are the prime factors of m(-8)?
2, 5, 53
Suppose -8 = -2*j - a, -2 = j + a - 2*a. Suppose -s = -x + 186, -3*x - j*s = -3*s - 550. List the prime factors of x.
2, 7, 13
Let i be ((-110)/(-60))/(1/6). Suppose -2*w + 8 = s + w, 0 = -5*s + 5*w + 140. Let z = i + s. What are the prime factors of z?
2, 17
Suppose 2*b - 5*n - 10 = -146, -5*n = 20. Let a = -69 - b. Suppose 3*u - 2820 = -a*u. List the prime factors of u.
5, 47
Suppose 0 = 37*j - 49 - 99. Suppose -m - j*c = -182, 4*m + c - 6*c = 707. What are the prime factors of m?
2, 89
List the prime factors of (-224)/(-288) + 6/27 + 6621.
2, 7, 11, 43
Let o = -38 - -59. Suppose o*q = 24*q - 9. Suppose -5*m = -4*b - 58, -q*b - 33 = -2*m - 7. List the prime factors of m.
2, 5
Suppose 11*h = 36 - 14. Let y(v) = 277*v + 8. List the prime factors of y(h).
2, 281
Suppose 0 = -5*t + 10*t - a - 348, -2*t - 2*a = -144. Let y = t + -40. List the prime factors of y.
2, 3, 5
Let i = 3 + -1. Let s be -41 + 23 + (-2)/i. What are the prime factors of (-2)/s + (-1632)/(-19)?
2, 43
Let k be 642*(-3)/(4 + -7). Let g = 1137 - k. List the prime factors of g.
3, 5, 11
Let d(b) = -5*b**2 - 647 + 0*b**3 + 674 - 2*b**3 + 8*b - 3*b**2. What are the prime factors of d(-9)?
3, 5, 17
Suppose 3*i - 6 = -12. Let d be (-1 - 1*i)*(30 + -2). Suppose -l - d = -79. What are the prime factors of l?
3, 17
Let w(r) = -r**3 - 53*r**2 - 289*r - 106. What are the prime factors of w(-48)?
2, 1123
Suppose 0 = -3*b + 2*x + 200261, 2*b + 511*x = 516*x + 133489. List the prime factors of b.
241, 277
Suppose -27*n - 230*n - 182*n = -29225986. List the prime factors of n.
2, 33287
Let v be 194/6*(45 - 66). Let x = v + 1355. What are the prime factors of x?
2, 13
Let u = -7547 - -12910. List the prime factors of u.
31, 173
List the prime factors of (((-256776)/(-15))/(-4))/(-7*16/560).
2, 13, 823
Suppose 4*w + 1334 = 50*w. Let f(q) = q**3 + 6*q**2 + 5*q + 4. Let n be f(-5). Suppose -n*u = u - 3*m - 214, 4*m = -u + w. What are the prime factors of u?
41
Let j(b) = b**3 - 3*b**2 + 6*b + 24. Let s(y) = y**2 - y - 2. Let t(v) = -j(v) - 6*s(v). List the prime factors of t(-6).
2, 3
Let m(g) = 7 - 2*g**2 - 97 + 44 - 61*g. List the prime factors of m(-29).
41
Let f(z) = -615*z - 4418. List the prime factors of f(-9).
1117
Suppose k - i - 675 = 0, 4*i = -8*k + 13*k - 3377. Let z = k + -460. List the prime factors of z.
7, 31
Let l = -40228 + 61540. List the prime factors of l.
2, 3, 37
Let m(w) = w**3 + 2*w**2 - 17*w - 3. Let o be m(-5). Suppose 8 + 384 = o*r. What are the prime factors of r?
2, 7
Let c(w) = -w**3 + 16*w**2 + 28*w + 11. Let j(u) = -u**3 - 33*u**2 - 33*u - 15. Let o be j(-32). List the prime factors of c(o).
2, 3, 11
Let b = 9773 - 7319. List the prime factors of b.
2, 3, 409
Let b = -3130 + 8924. What are the prime factors of b?
2, 2897
Let m = -8650 - -8652. Suppose -5*x + 640 = 5*w, -5*w + 2*x + 693 - 67 = 0. Let c = w + m. What are the prime factors of c?
2
Let a = 26 - 18. Suppose a*o = 28 + 260. What are the prime factors of o?
2, 3
Let s(c) = -c**3 + 29*c**2 + 45*c - 41. Let j(m) = m**3 - 30*m**2 - 45*m + 41. Let d(r) = -4*j(r) - 3*s(r). List the prime factors of d(34).
3, 37
Suppose 0 = 2*c + 6, 0*v - v + 5*c = -1033. What are the prime factors of (-16)/(-12)*(-18)/(-48)*v?
509
Let j be (-3 - -3 - 1) + -6 + 17. Suppose j*z = 2954 + 1106. What are the prime factors of z?
2, 7, 29
Let z(p) = p**2 - 12*p - 39. Let h be z(15). Suppose -h*n = t - 2*n - 471, 1989 = 4*t - 5*n. What are the prime factors of t?
491
Let k be (3/(-6))/((-5)/60). Suppose -5*p = -5*n + 65, 5*n = -k*p + 4*p + 51. Let a(g) = 10*g - 14. What are the prime factors of a(n)?
2, 3
Suppose -5*x + 23 = 2*n, -3*n = -2*n - 5*x + 11. Suppose -n*c - 178 = -754. Let g = c + -64. What are the prime factors of g?
2, 5
Suppose -152*f + 1163816 + 444543 = 370623. List the prime factors of f.
17, 479
Let w(y) = -y**2 - 19*y - 25. Let q be w(-17). Suppose -l + q*l = 0. List the prime factors of (-1*(-8)/(-4) + l)*-74.
2, 37
Suppose 30*m = 27*m + 2952. Suppose -2*o = -14*o + m. Let f = o - 22. List the prime factors of f.
2, 3, 5
Let p(j) = -j**2 + j + 50. Let g be p(7). Suppose 3 = -7*v + g*v. Suppose -3*q = -4*x - 392, 0*q + 4*x = -v*q + 424. List the prime factors of q.
2, 17
Suppose -4*m + 182984 = 4*j, -10*j - 91444 = -2*m - 6*j. List the prime factors of m.
2, 3, 7, 11
Suppose 7*q + 13 = -50. What are the prime factors of (9*-3)/((72/q)/208)?
2, 3, 13
Let v(f) = -f + 5. Let m be v(16). Let q = 107 - m. Let w = q + -53. What are the prime factors of w?
5, 13
Suppose -49*m = -46*m + 294. Let p = m + 152. What are the prime factors of ((-1125)/p + 2/(-3))*-2?
43
Let a(h) be the second derivative of 5*h**4/6 - 23*h**3/2 - 5*h**2/2 + 2*h - 30. What are the prime factors of a(-5)?
2, 5, 59
Suppose -4*i = -4, 3*i = -3*o + 2*o + 166. Suppose -3*c - f = o - 676, -2*c + 